What are the prime factors of q?
79, 337
Let z(s) = -16*s - 11. Let i be z(-1). Suppose l - 455 = -5*p, i*l - p - 2640 + 261 = 0. List the prime factors of l.
5, 19
Let o(w) = 112*w**2 - 4*w + 1. Let k be o(2). Let x = 792 - k. What are the prime factors of x?
3, 13
Let d be ((-1)/(-4))/((-14)/56). Let z(g) = -5*g**3 - g**2 - g - 1. Let x be z(d). Suppose -3*b - x*p + 383 = -0*b, 5*b - 646 = p. List the prime factors of b.
3, 43
Let l be 1/(-2)*(-5 + -3 + 10). Let f(g) = 1546*g**2 + 45*g + 43. List the prime factors of f(l).
2, 193
Let a(k) = -412*k**2 + 18*k + 73. Let q be a(-5). What are the prime factors of (q/38)/((-6)/4)?
181
Let d(i) = i**3 + 4*i**2 - 6. Let s be d(-3). Suppose 15 = -s*m - 0*m. Let y = 43 + m. What are the prime factors of y?
2, 19
List the prime factors of ((-457)/1371)/(-2 - (2/323706 - 2)).
53951
What are the prime factors of (5 + (-7)/1)/(17/(-33745))?
2, 5, 397
Suppose -27*b + 53 = -1. Let c(f) = 74*f**3 - 3*f**2 + 9*f + 2. List the prime factors of c(b).
2, 3, 5
Suppose 4*a - 207 = 97. Let j be (a/95)/(2/15). Suppose j*i + 61 = 7*i. What are the prime factors of i?
61
Suppose 2440*k - 12392874 = 2229*k. List the prime factors of k.
2, 3, 13, 251
Let q(f) = 8*f**2 + 5*f - 2. Let s be q(-10). Suppose -9*v + s = -8*v. What are the prime factors of v?
2, 11, 17
Suppose -b - 1696 = -2*b - 5*c, 0 = -2*b - 2*c + 3400. Suppose -b = -4*z - 645. What are the prime factors of z?
2, 3, 11
Suppose -7*l + 134941 = 23053. Suppose 10*u = 22*u - l. List the prime factors of u.
2, 3, 37
Suppose 4*w = -850 + 6110. Suppose 4*z = 2*g + z - w, -2*z = -10. Suppose 53 = -3*y + 2*v + 714, 3*y - 4*v = g. What are the prime factors of y?
3, 73
Let q(u) = 4*u + 46. Let i be 2*11/(-4)*2. Let x be q(i). Suppose 0 = -4*l + x*f + 158, 3*l + 0*l - 2*f - 117 = 0. What are the prime factors of l?
41
Suppose 0 = 2*r + 5*g + 54, 4*g + g + 20 = 0. List the prime factors of 4/22 - r/((-2057)/(-66286)).
2, 137
Let n be (2 + -1 - -2)/(-1) + 8. Suppose -5*s + 1430 = 3*i, n*i + 2*s + 0*s = 2415. Let o = i - 325. What are the prime factors of o?
2, 5
Suppose 2*p - 1036 = -4*b, 779 = 6*b - 3*b + 2*p. Let l be (4/12)/(1/1137). Let r = l - b. What are the prime factors of r?
2, 61
Let n(c) = 22*c + 18. Let o be n(5). Suppose -o*r - 5584 = -136*r. List the prime factors of r.
2, 349
Let w = 104 + -168. What are the prime factors of (-19280)/w - 3/(-4)?
2, 151
Let c be -6 + 0 + (7 - -689). Let m = c + -347. List the prime factors of m.
7
Suppose 0 = -5*z + 3*g + 290158, -g + 80889 = z + 22859. What are the prime factors of z?
58031
Let f(p) = 8658*p**2 + 264*p - 528. What are the prime factors of f(2)?
2, 3, 13, 37
Let j(n) = 317*n - 155. List the prime factors of j(21).
2, 3251
Let j(p) = 2*p + 3*p + 18 - 27*p + 29 + 3*p**2 + 12. List the prime factors of j(9).
2, 13
Let d(t) = t**3 - 2*t**2 - 9*t + 6. Let j be d(4). Suppose -5 = -5*k + 4*m + 2, 14 = -j*k - 4*m. List the prime factors of ((-2)/k)/(1 - 51/52).
2, 13
List the prime factors of 55*(-10)/(20/(-274)).
5, 11, 137
Suppose -99790 = -96*w - 53377 + 114099. List the prime factors of w.
2, 11, 19
Suppose 2*j - 4*j + 5340 = -4*k, 0 = -5*k. List the prime factors of j.
2, 3, 5, 89
Suppose 82*u = 87*u - 410. Suppose 0 = -u*n + 83*n - 1212. What are the prime factors of n?
2, 3, 101
Suppose 0 = -15*o - 3*o + 15678. Let u = o + -112. List the prime factors of u.
3, 11, 23
Let a = -52 - -74. Let k(q) = q**3 - 20*q**2 - 24*q + 9. List the prime factors of k(a).
449
Let z(g) = 1774*g - 5821. List the prime factors of z(22).
3, 11069
Suppose -319 - 301 = -5*h. Suppose -27*z = -29*z + h. Suppose -4*p = t - z, -52 = -4*p - 4*t + 8*t. List the prime factors of p.
3, 5
Let f be (1*-1)/(27275/3410 + -8). Suppose 5*c - 2262 = -f. What are the prime factors of c?
2, 79
List the prime factors of (13 - 331969/(-44)) + (-2)/(-8).
2, 3779
Let c(x) = 7*x - 83. Let m be c(5). What are the prime factors of 3*1228/m*-4?
307
Suppose -18*u = -6*u - 24. Let c be (6 + -647)*(1 - u). Suppose -559 = -8*z + c. List the prime factors of z.
2, 3, 5
Let m = 32 + -35. What are the prime factors of (-40)/(-6) - 7 - 1393/m?
2, 29
List the prime factors of (-72)/540 - 1596760/(-75).
2, 5, 2129
Let f(n) = -20*n + 10. Let o be 12/(-21) + (-72)/21 - -2. Let a(w) = w**2 + 4*w - 2. Let u be a(o). List the prime factors of f(u).
2, 5, 13
Suppose r + 2 = 2*r. Let z be (-57838)/(-220) - 2/(-20). Suppose 0 = -2*b + 4*i + 148, r*b - i - z = -103. What are the prime factors of b?
2, 41
Let w(j) = 4 + 18*j - j**3 - 15*j**2 + 2*j + 4 - 2. Let r be w(-17). Let l = 471 - r. List the prime factors of l.
227
Suppose a - 93837 + 28195 = -4*m, -m - 4*a = -16433. What are the prime factors of m?
61, 269
Suppose w + 2 + 3 = 4*o, 4*o - 8 = 0. Suppose 5*y - 9 = 3*k + 8, 3*k = -w*y - 9. List the prime factors of (-96)/14*(-8 + y).
2, 3
Let r(t) be the second derivative of -24*t - 30*t + 44*t - t**2 + 26*t**3. List the prime factors of r(1).
2, 7, 11
Let o be 3*(-6)/(-27)*(2 + 1). Suppose o*x = -5*p + 3, -x = 2*p - 0*p - 1. List the prime factors of (21/(-84))/(p/(-404)).
101
Suppose 64*i - 19232 = 62*i. List the prime factors of i.
2, 601
Suppose -83*n + 86*n - 15 = 0. Suppose -229 = -l - 5*r + 128, 0 = n*l - 2*r - 1839. What are the prime factors of l?
367
Suppose 5*x - 30 = -x. Let c = x - -120. What are the prime factors of c?
5
Suppose 194*x - 231856 = 151*x. List the prime factors of x.
2, 337
Suppose -4*l = 10*i - 14*i + 92, 97 = 5*i + l. What are the prime factors of (-36)/20 - -2 - (-576)/i?
29
Suppose 33*f = 39*f - 42. Let n(x) = 86*x + 18. List the prime factors of n(f).
2, 5, 31
Let b(o) = o**2 + 24*o + 42. Let i be b(-22). What are the prime factors of 3 - (9/(-12))/(i/(-3448))?
2, 3
Suppose 21 = -54*q + 33*q. Let s(p) = -1257*p**3 + 2*p**2 - 5*p - 7. What are the prime factors of s(q)?
3, 419
Suppose -4*c = 7*c + 4*c. Suppose -3*h + 2*k + 266 = c, 8*k - 4*k + 188 = 2*h. List the prime factors of h.
2, 43
Let w(t) = 516*t - 1032*t - 5 + t**2 + 513*t. List the prime factors of w(-7).
5, 13
Let s(p) = 6*p**2 + 7*p - 4. Let z = 31 + -23. Let x be s(z). Suppose 5*m + 91 = x. What are the prime factors of m?
3, 23
Let j = 3790 + -1687. List the prime factors of j.
3, 701
Let v(r) = 7*r**2 + 1223*r - 41. List the prime factors of v(-176).
1543
Let n = -88 + 88. Suppose 5*r = 3*t + 6*r - 1386, n = 2*t - 3*r - 924. What are the prime factors of t?
2, 3, 7, 11
Suppose 27601 = 3*h - 5*u, 59757 = 5*h + 3*u + 13812. List the prime factors of h.
2, 3, 383
Let c(k) = -2*k**2 + 2*k + 189. Let m(z) = z + 15. Let s be m(-15). List the prime factors of c(s).
3, 7
Let z be (16/32)/(15/(-18) - -1). Let m(l) = 44*l**3 - 2*l**2 - 16*l + 1. List the prime factors of m(z).
1123
Let u be (-4620)/(-121) + 4/(-22). Let a = u - 18. What are the prime factors of (-2)/3*(-2790)/a?
3, 31
Let x(z) = z**3 + 2*z**2 - 8*z - 6. Let s be x(-4). Let u(h) = -14*h - 5. Let o(v) = 13*v + 5. Let g(f) = s*o(f) - 5*u(f). List the prime factors of g(-4).
3
Let o be ((-72)/(-10))/(3/10). Suppose o*f - 59*f + 46340 = 0. What are the prime factors of f?
2, 331
Let u be (39 + 11285/(-111))*(-6)/(-4). Suppose 0*v = -3*v - 792. Let z = u - v. What are the prime factors of z?
2, 5, 17
Let d be (2/(-6))/(-18 + (-2445)/(-135)). Suppose 9664 = -3*y + 5*k, -2*k = 4*y - 9*y - 16132. What are the prime factors of 2/(-6) - y/(-54)*d?
179
Suppose -28*r + 22*r + 1494 = 0. Suppose 2*f = 112 - 466. Let s = f + r. What are the prime factors of s?
2, 3
Suppose 21*f - 2*d - 5062 = 20*f, -20240 = -4*f + 4*d. What are the prime factors of f?
2, 3, 281
Suppose -2*f + 6*f - 3*q - 702 = 0, -526 = -3*f + 2*q. Let o = -61 + f. What are the prime factors of o?
113
Suppose -11*r + 0*r = -r - 127640. What are the prime factors of r?
2, 3191
What are the prime factors of 51309 - (-27 + (-19 - -24))?
7, 7333
Suppose 248*b - 232*b - 64 = 0. Suppose -6 = 3*w, 5*h = b*h + 3*w + 674. List the prime factors of h.
2, 167
Let i(j) = 19*j + 195. Let q be i(-10). Suppose 218 = q*m - 322. What are the prime factors of m?
2, 3
Suppose 2*h - 36 = -h. Let u be (3/(-1))/(18/h). List the prime factors of (-52)/24*-32 - u/(-6).
3, 23
Suppose -220*f - 114928 = -242*f. List the prime factors of f.
2, 653
Let d = 14383 + -4303. List the prime fac